c) = -3*d(c) + k(c). Let v be l(-16). List the prime factors of (v/36)/(4/6).
2, 113
Suppose -6*u = 8*u - 56. Let w be 542/u - -2 - 21/(-14). Let h = w + -66. List the prime factors of h.
73
Suppose -25*g + 739 = -24*g. Let d = g - 665. List the prime factors of d.
2, 37
Suppose 442*j = 434*j + 336. List the prime factors of 71 - (j/(-9) - -4)*6.
3, 5
Let t(g) = 276*g - 4025. List the prime factors of t(37).
23, 269
Suppose -16424268 + 10626400 = -363*i + 14457895. What are the prime factors of i?
41, 1361
Let k = -25 + -105. Suppose 258*n = 320*n + 4030. Let x = n - k. List the prime factors of x.
5, 13
Suppose 0 = -4*h + j + 577, -j - j - 2 = 0. Let g = -539 - -462. Let i = h - g. List the prime factors of i.
13, 17
Let c(v) = -4 + 17*v + 142*v - 12*v - 14. List the prime factors of c(2).
2, 3, 23
Let f = 1410 + -1004. Suppose 2486 = 4*p + 2*w, 5*w + f + 855 = 2*p. What are the prime factors of p?
7, 89
Let d = 12456 + -8516. What are the prime factors of d?
2, 5, 197
Suppose 12*v = 24*v - 60. Suppose 53 = 3*c - q - 1240, -2153 = -v*c + q. List the prime factors of c.
2, 5, 43
What are the prime factors of 6/(-24)*(-48)/54 + 2716/9?
2, 151
Suppose -56*k = -57*k - 239. Let j = k - -313. List the prime factors of j.
2, 37
Let r(l) = 2*l**2 + 21*l + 14. Let h be r(-10). Suppose -h*v + 39 = -41. Suppose -v - 19 = -m. List the prime factors of m.
3, 13
Let f = -164 + 177. Let g(q) = 11*q - 75. List the prime factors of g(f).
2, 17
Let a = 221 + -95. Suppose 4*j + 2*g = -a, -2*j - 21 = -j - 3*g. List the prime factors of 6/((-72)/j)*184/10.
2, 23
Let z be (-81)/(-108) + (-114)/(-8). What are the prime factors of (z/18*-4)/(17/(-561))?
2, 5, 11
Let p(j) = 4*j + 8. Suppose 5*q - 46 = -81. Let l(n) = -n**2 - 6*n + 10. Let y be l(q). List the prime factors of p(y).
2, 5
Let d(q) = -566*q - 1437. List the prime factors of d(-16).
19, 401
Let w(s) = -s**3 - 3*s**2 + 15*s - 61. Let y be w(-12). Suppose -35*q + 3*h + 1306 = -30*q, -4*q - h + y = 0. List the prime factors of q.
263
Let t be ((-56)/7 + -5)*6. Let g be 3968/(-28) - 2/7. Let r = t - g. List the prime factors of r.
2
Let q(v) = -728*v + 187. What are the prime factors of q(-2)?
31, 53
Suppose 73*i - z = 76*i - 62598, -7*z - 104382 = -5*i. What are the prime factors of i?
2, 3, 37, 47
Let p(d) = 344*d**2 + 3*d - 4. Let v be p(-2). Let x(k) = 1339 - 4*k - v - 5*k. What are the prime factors of x(-11)?
2, 3
Let n be 21/189 - (-65572)/18. Suppose -3*m = 5*s - n, 5*s - 2*m = s + 2910. List the prime factors of s.
2, 7, 13
Let x(c) = -3*c**3 - 17*c**2 - 41*c - 47. What are the prime factors of x(-16)?
5, 1709
Let r(o) = 992*o - 1848. What are the prime factors of r(10)?
2, 1009
Let g = 574 - -13892. What are the prime factors of g?
2, 3, 2411
Let m(t) = t**3 + 60*t**2 - 74*t - 747. What are the prime factors of m(-36)?
3, 1223
Let q(d) = 4*d**2 - 15*d + 7. Let r(w) = w**2 - w. Let l be -3 + (-25)/(-5) - 3. Let c(k) = l*q(k) + 6*r(k). List the prime factors of c(4).
61
Let y = 5485 + 2106. What are the prime factors of y?
7591
Suppose 0*p - p + 5 = 0, -k - p + 74 = 0. Let g = 203 - k. Suppose 2*h = -3*u + g + 257, -2*u - 1025 = -5*h. What are the prime factors of h?
7, 29
Let z be (203/28)/((-5)/280). List the prime factors of z/28 + 15 - (-1902)/4.
2, 7, 17
Let l(b) be the second derivative of 7*b**5/20 + 89*b**4/12 + 3*b**3/2 - 23*b**2/2 - 38*b + 2. What are the prime factors of l(-12)?
19, 31
Let m(u) = -1002*u - 525. What are the prime factors of m(-9)?
3, 19, 149
Let d(h) = h**3 + 7*h**2 - 14*h - 2. Let j be d(-7). Let q = 100 - j. Let n(b) = b - 2. List the prime factors of n(q).
2
Let f(n) = n**3 - 9*n**2 - 9*n. Let q be f(10). Suppose -5*p - k - 14 = 2*k, 0 = 2*p - 4*k - q. What are the prime factors of 456/(-9)*(9/6)/p?
2, 19
Let l = -36 + 27. List the prime factors of l/(-3) - 23*(2 - 4).
7
Suppose -2*w + 55 = 9*w. Suppose 4*m - b - 3200 = 0, m - 4*b + 3220 = w*m. List the prime factors of m.
3, 89
Let s(b) = -13*b + 7 - 78 + 5*b**2 + 40*b - 78 + 17*b**2. List the prime factors of s(7).
2, 13, 43
Let k(q) = -q**2 - q + 102. Let t be k(0). Suppose 0 = 104*y - t*y + 632. Let x = -140 - y. What are the prime factors of x?
2, 11
Let m(r) = -r**3 - 11*r**2 + 57*r - 42. What are the prime factors of m(-21)?
3, 7, 151
List the prime factors of (-19 + (-62655)/(-6))*(-4)/(-6).
6949
Suppose 20*r - 34*r + 355473 = -286847. List the prime factors of r.
2, 5, 31, 37
Let n = 174687 + -115365. What are the prime factors of n?
2, 3, 9887
Let t = 8 + -5. Suppose -4*r - 5*p + 34 = -t*p, -4*r + 3*p = -59. Suppose 12*d - 13 = r*d. List the prime factors of d.
13
Let h(y) = -y**3 - 3*y. Let x(d) = 5*d**3 + 40*d**2 - 100*d + 45. Let r(w) = 6*h(w) + x(w). List the prime factors of r(36).
3, 109
Let i = 11401 - 1442. What are the prime factors of i?
23, 433
Let h(y) be the first derivative of -y**2/2 + 270*y + 168. List the prime factors of h(25).
5, 7
Let s(n) = -n**2 + n + 22. Let l be s(-4). Let j(d) = -5*d**2 + 13*d**2 - 9*d + 8 + l - 7*d**2. What are the prime factors of j(-8)?
2, 73
Suppose 134110 + 18900 = 140*o + 8810. List the prime factors of o.
2, 5, 103
Let m(v) = 16*v**2 - 8*v + 686. List the prime factors of m(27).
2, 6067
What are the prime factors of 2/(-2) - 4 - ((-5 - -3) + -5791)?
2, 1447
Suppose -v + 720 = 5*t - 3*t, -1442 = -2*v - 5*t. Suppose -5*o - 1064 = -3*c, 3*o + 2*o + v = 2*c. What are the prime factors of c?
2, 3, 29
Suppose 3*u - 5*u + 16 = 0. Suppose 14*r + 84 = 182. Suppose 0 = -r*f + u*f - 82. What are the prime factors of f?
2, 41
Let h(n) = n**2 + n. Let o(j) = j**2 + 81*j + 19. Let c(p) = -2*h(p) + o(p). Let a(q) be the first derivative of c(q). What are the prime factors of a(0)?
79
Suppose 18*a - 2*a - 101511 = -23415. List the prime factors of a.
3, 1627
Let s = 67 + -74. Let j be s/21 + (-127)/(-3). Suppose 0 = b + 3*z - j, -80 = -3*b + b - 5*z. What are the prime factors of b?
2, 3, 5
Suppose n = 5*y - 15 + 49, -y = 4*n - 157. Let t = 39 - n. Suppose -3*d - d - 2*s + 166 = t, -205 = -5*d - 5*s. What are the prime factors of d?
2, 3, 7
Suppose -2018*g + 109602 = -2012*g. List the prime factors of g.
3, 6089
Suppose -6*k - 2*r - 14 = -2*k, -3*k = -4*r - 6. Let n be 2923/9 - k/9. Let a = n - 217. List the prime factors of a.
2, 3
Let o(b) = -791*b - 716. List the prime factors of o(-11).
5, 1597
Let n = 3863 - 1451. Suppose 3*p - 1448 = -2*h, n = p + 4*p + 3*h. Suppose -4*u + p = 2*u. What are the prime factors of u?
2, 5
Suppose -3*j + 2*o = 107, 3*j - o = -59 - 50. Let c = j + 25. List the prime factors of 16/c + 1452/9.
2, 5
Let s = 17039 - 7569. What are the prime factors of s?
2, 5, 947
Suppose 2*j = 6, -3*v + 419 + 1135 = 3*j. Suppose -a - 4*c = -845, a - c - v = 305. What are the prime factors of a?
3, 5, 11
Suppose 2*n - 3*d = 3*n - 17, 3*n + d - 19 = 0. Suppose n*q + 71 = z, -7 = -4*z - 23. What are the prime factors of 90/8 + q/(-20)?
2, 3
Let x(w) = 3*w - 44. Let o(n) = n - 22. Let r(u) = -5*o(u) + 2*x(u). Let b be r(-7). Suppose 0*k - 5*k + 3*a = -84, 2*k + 5*a = b. List the prime factors of k.
3, 5
Let w(q) = -42*q**3 + 10*q**2 + 12*q + 50. Let n(z) = -z**3 - 4*z**2 + z - 1. Let p(y) = 3*n(y) + w(y). What are the prime factors of p(-3)?
11, 109
List the prime factors of (-82859)/(-76) + 14/8.
2, 3, 7, 13
Let d = 405 - 391. What are the prime factors of 7*d/49*177?
2, 3, 59
Let t = 3298 + -2305. Suppose -2*b + t = 357. What are the prime factors of b?
2, 3, 53
Let t(n) = -2*n + 11. Let c = -54 - -58. Let m be t(c). Suppose 2*g - m*w - 22 = -w, -4*w = -2*g + 18. List the prime factors of g.
13
Let r = -12070 + 24940. What are the prime factors of r?
2, 3, 5, 11, 13
Let l(t) = 10*t**3 - t**2 + 18*t - 17. Let b be l(1). What are the prime factors of (-84583)/(-246) - b/12?
7
Let k = -24 - -29. Suppose k*b - q = 4*b + 581, 606 = b + 4*q. What are the prime factors of b?
2, 293
Let o be (-3 + (-9)/(-6))*8/(-4). Suppose 0 = o*k - 11*k + 10584. What are the prime factors of k?
3, 7
Let c be 2*-1*142/(-71). Suppose -c*k = 3*i - 4967, 4*i - 2*k - 2781 = 3805. What are the prime factors of i?
17, 97
Let t be (-4)/14 - ((-152736)/(-112) - 14). Let q = t + 2240. What are the prime factors of q?
2, 5, 89
Let w = 518 + -466. Let z be ((-18)/(-4))/3*2. Suppose z*l + w = 5*l